{"id":7413,"date":"2022-11-27T18:11:24","date_gmt":"2022-11-27T17:11:24","guid":{"rendered":"http:\/\/body-cult.at\/?page_id=7413"},"modified":"2022-11-27T19:19:29","modified_gmt":"2022-11-27T18:19:29","slug":"kontakt-2","status":"publish","type":"page","link":"http:\/\/body-cult.at\/?page_id=7413","title":{"rendered":"Impressum"},"content":{"rendered":"\t\t<div data-elementor-type=\"wp-page\" data-elementor-id=\"7413\" class=\"elementor elementor-7413\" data-elementor-settings=\"[]\">\n\t\t\t\t\t\t<div class=\"elementor-inner\">\n\t\t\t\t\t\t\t<div class=\"elementor-section-wrap\">\n\t\t\t\t\t\t\t<section class=\"elementor-section elementor-top-section elementor-element elementor-element-941c977 elementor-section-boxed elementor-section-height-default elementor-section-height-default\" data-id=\"941c977\" data-element_type=\"section\" data-settings=\"{&quot;background_background&quot;:&quot;classic&quot;}\">\n\t\t\t\t\t\t\t<div class=\"elementor-background-overlay\"><\/div>\n\t\t\t\t\t\t\t<div class=\"elementor-container elementor-column-gap-no\">\n\t\t\t\t\t\t\t<div class=\"elementor-row\">\n\t\t\t\t\t<div class=\"elementor-column elementor-col-100 elementor-top-column elementor-element elementor-element-8d03929\" data-id=\"8d03929\" data-element_type=\"column\">\n\t\t\t<div class=\"elementor-column-wrap elementor-element-populated\">\n\t\t\t\t\t\t\t<div class=\"elementor-widget-wrap\">\n\t\t\t\t\t\t<div class=\"elementor-element elementor-element-f7b433d elementor-align-center elementor-widget elementor-widget-raven-breadcrumbs\" data-id=\"f7b433d\" data-element_type=\"widget\" data-widget_type=\"raven-breadcrumbs.default\">\n\t\t\t\t<div class=\"elementor-widget-container\">\n\t\t\t<div class=\"raven-breadcrumbs raven-breadcrumbs-default\"><ol class=\"breadcrumb\">\t\t\t\t<li class=\"breadcrumb-item active\" aria-current=\"page\"><span>Home<\/span><\/li>\r\n\r\n\t\t\t\t<\/ol><\/div>\t\t<\/div>\n\t\t\t\t<\/div>\n\t\t\t\t<div class=\"elementor-element elementor-element-4497347 elementor-widget elementor-widget-heading\" data-id=\"4497347\" data-element_type=\"widget\" data-widget_type=\"heading.default\">\n\t\t\t\t<div class=\"elementor-widget-container\">\n\t\t\t<h1 class=\"elementor-heading-title elementor-size-default\">Impressum<\/h1>\t\t<\/div>\n\t\t\t\t<\/div>\n\t\t\t\t\t\t<\/div>\n\t\t\t\t\t<\/div>\n\t\t<\/div>\n\t\t\t\t\t\t\t\t<\/div>\n\t\t\t\t\t<\/div>\n\t\t<\/section>\n\t\t\t\t<section class=\"elementor-section elementor-top-section elementor-element elementor-element-d22a173 elementor-section-boxed elementor-section-height-default elementor-section-height-default\" data-id=\"d22a173\" data-element_type=\"section\">\n\t\t\t\t\t\t<div class=\"elementor-container elementor-column-gap-default\">\n\t\t\t\t\t\t\t<div class=\"elementor-row\">\n\t\t\t\t\t<div class=\"elementor-column elementor-col-33 elementor-top-column elementor-element elementor-element-e098899\" data-id=\"e098899\" data-element_type=\"column\">\n\t\t\t<div class=\"elementor-column-wrap elementor-element-populated\">\n\t\t\t\t\t\t\t<div class=\"elementor-widget-wrap\">\n\t\t\t\t\t\t<div class=\"elementor-element elementor-element-31c2860 elementor-widget-divider--view-line elementor-widget elementor-widget-divider\" data-id=\"31c2860\" data-element_type=\"widget\" data-widget_type=\"divider.default\">\n\t\t\t\t<div class=\"elementor-widget-container\">\n\t\t\t\t\t<div class=\"elementor-divider\">\n\t\t\t<span class=\"elementor-divider-separator\">\n\t\t\t\t\t\t<\/span>\n\t\t<\/div>\n\t\t\t\t<\/div>\n\t\t\t\t<\/div>\n\t\t\t\t\t\t<\/div>\n\t\t\t\t\t<\/div>\n\t\t<\/div>\n\t\t\t\t<div class=\"elementor-column elementor-col-33 elementor-top-column elementor-element elementor-element-898ebeb\" data-id=\"898ebeb\" data-element_type=\"column\">\n\t\t\t<div class=\"elementor-column-wrap elementor-element-populated\">\n\t\t\t\t\t\t\t<div class=\"elementor-widget-wrap\">\n\t\t\t\t\t\t<div class=\"elementor-element elementor-element-4d4c87e elementor-widget elementor-widget-heading\" data-id=\"4d4c87e\" data-element_type=\"widget\" data-widget_type=\"heading.default\">\n\t\t\t\t<div class=\"elementor-widget-container\">\n\t\t\t<h2 class=\"elementor-heading-title elementor-size-default\">Informationen <\/h2>\t\t<\/div>\n\t\t\t\t<\/div>\n\t\t\t\t\t\t<\/div>\n\t\t\t\t\t<\/div>\n\t\t<\/div>\n\t\t\t\t<div class=\"elementor-column elementor-col-33 elementor-top-column elementor-element elementor-element-7cfbbb7\" data-id=\"7cfbbb7\" data-element_type=\"column\">\n\t\t\t<div class=\"elementor-column-wrap elementor-element-populated\">\n\t\t\t\t\t\t\t<div class=\"elementor-widget-wrap\">\n\t\t\t\t\t\t<div class=\"elementor-element elementor-element-f259c78 elementor-widget-divider--view-line elementor-widget elementor-widget-divider\" data-id=\"f259c78\" data-element_type=\"widget\" data-widget_type=\"divider.default\">\n\t\t\t\t<div class=\"elementor-widget-container\">\n\t\t\t\t\t<div class=\"elementor-divider\">\n\t\t\t<span class=\"elementor-divider-separator\">\n\t\t\t\t\t\t<\/span>\n\t\t<\/div>\n\t\t\t\t<\/div>\n\t\t\t\t<\/div>\n\t\t\t\t\t\t<\/div>\n\t\t\t\t\t<\/div>\n\t\t<\/div>\n\t\t\t\t\t\t\t\t<\/div>\n\t\t\t\t\t<\/div>\n\t\t<\/section>\n\t\t\t\t<section class=\"elementor-section elementor-top-section elementor-element elementor-element-45a3685 elementor-section-boxed elementor-section-height-default elementor-section-height-default\" data-id=\"45a3685\" data-element_type=\"section\">\n\t\t\t\t\t\t<div class=\"elementor-container elementor-column-gap-default\">\n\t\t\t\t\t\t\t<div class=\"elementor-row\">\n\t\t\t\t\t<div class=\"elementor-column elementor-col-100 elementor-top-column elementor-element elementor-element-57cf815\" data-id=\"57cf815\" data-element_type=\"column\">\n\t\t\t<div class=\"elementor-column-wrap elementor-element-populated\">\n\t\t\t\t\t\t\t<div class=\"elementor-widget-wrap\">\n\t\t\t\t\t\t<div class=\"elementor-element elementor-element-d68e247 elementor-widget elementor-widget-spacer\" data-id=\"d68e247\" data-element_type=\"widget\" data-widget_type=\"spacer.default\">\n\t\t\t\t<div class=\"elementor-widget-container\">\n\t\t\t\t\t<div class=\"elementor-spacer\">\n\t\t\t<div class=\"elementor-spacer-inner\"><\/div>\n\t\t<\/div>\n\t\t\t\t<\/div>\n\t\t\t\t<\/div>\n\t\t\t\t\t\t<\/div>\n\t\t\t\t\t<\/div>\n\t\t<\/div>\n\t\t\t\t\t\t\t\t<\/div>\n\t\t\t\t\t<\/div>\n\t\t<\/section>\n\t\t\t\t<section class=\"elementor-section elementor-top-section elementor-element elementor-element-3fc5d6b elementor-section-boxed elementor-section-height-default elementor-section-height-default\" data-id=\"3fc5d6b\" data-element_type=\"section\">\n\t\t\t\t\t\t<div class=\"elementor-container elementor-column-gap-default\">\n\t\t\t\t\t\t\t<div class=\"elementor-row\">\n\t\t\t\t\t<div class=\"elementor-column elementor-col-100 elementor-top-column elementor-element elementor-element-4d80862\" data-id=\"4d80862\" data-element_type=\"column\">\n\t\t\t<div class=\"elementor-column-wrap elementor-element-populated\">\n\t\t\t\t\t\t\t<div class=\"elementor-widget-wrap\">\n\t\t\t\t\t\t<div class=\"elementor-element elementor-element-b1bf20a elementor-widget elementor-widget-image\" data-id=\"b1bf20a\" data-element_type=\"widget\" data-widget_type=\"image.default\">\n\t\t\t\t<div class=\"elementor-widget-container\">\n\t\t\t\t\t\t\t\t<div class=\"elementor-image\">\n\t\t\t\t\t\t\t\t\t\t\t\t<img width=\"300\" height=\"98\" src=\"http:\/\/body-cult.at\/wp-content\/uploads\/2021\/03\/logo-neu-1-300x98.png\" class=\"attachment-medium size-medium\" alt=\"\" loading=\"lazy\" srcset=\"http:\/\/body-cult.at\/wp-content\/uploads\/2021\/03\/logo-neu-1-300x98.png 300w, http:\/\/body-cult.at\/wp-content\/uploads\/2021\/03\/logo-neu-1-1024x334.png 1024w, http:\/\/body-cult.at\/wp-content\/uploads\/2021\/03\/logo-neu-1-768x251.png 768w, http:\/\/body-cult.at\/wp-content\/uploads\/2021\/03\/logo-neu-1-1536x502.png 1536w, http:\/\/body-cult.at\/wp-content\/uploads\/2021\/03\/logo-neu-1-2048x669.png 2048w\" sizes=\"(max-width: 300px) 100vw, 300px\" \/>\t\t\t\t\t\t\t\t\t\t\t\t\t\t<\/div>\n\t\t\t\t\t\t<\/div>\n\t\t\t\t<\/div>\n\t\t\t\t<div class=\"elementor-element elementor-element-86059a7 elementor-align-left elementor-icon-list--layout-traditional elementor-list-item-link-full_width elementor-widget elementor-widget-icon-list\" data-id=\"86059a7\" data-element_type=\"widget\" data-widget_type=\"icon-list.default\">\n\t\t\t\t<div class=\"elementor-widget-container\">\n\t\t\t\t\t<ul class=\"elementor-icon-list-items\">\n\t\t\t\t\t\t\t<li class=\"elementor-icon-list-item\">\n\t\t\t\t\t<a href=\"mailto:office@body-cult.at\">\t\t\t\t\t\t<span class=\"elementor-icon-list-icon\">\n\t\t\t\t\t\t\t<i aria-hidden=\"true\" class=\"fab fa-telegram-plane\"><\/i>\t\t\t\t\t\t<\/span>\n\t\t\t\t\t\t\t\t\t\t<span class=\"elementor-icon-list-text\">office@body-cult.at<\/span>\n\t\t\t\t\t\t\t\t\t\t\t<\/a>\n\t\t\t\t\t\t\t\t\t<\/li>\n\t\t\t\t\t\t\t\t<li class=\"elementor-icon-list-item\">\n\t\t\t\t\t<a href=\"tel:0732%20673781\">\t\t\t\t\t\t<span class=\"elementor-icon-list-icon\">\n\t\t\t\t\t\t\t<i aria-hidden=\"true\" class=\"fas fa-phone\"><\/i>\t\t\t\t\t\t<\/span>\n\t\t\t\t\t\t\t\t\t\t<span class=\"elementor-icon-list-text\">0732\/ 673 781<\/span>\n\t\t\t\t\t\t\t\t\t\t\t<\/a>\n\t\t\t\t\t\t\t\t\t<\/li>\n\t\t\t\t\t\t<\/ul>\n\t\t\t\t<\/div>\n\t\t\t\t<\/div>\n\t\t\t\t<div class=\"elementor-element elementor-element-34186a6 elementor-widget elementor-widget-text-editor\" data-id=\"34186a6\" data-element_type=\"widget\" data-widget_type=\"text-editor.default\">\n\t\t\t\t<div class=\"elementor-widget-container\">\n\t\t\t\t\t\t\t\t<div class=\"elementor-text-editor elementor-clearfix\">\n\t\t\t\t\t<p><strong>Bodycult by Martin Resch<\/strong><br \/>Paschingerstra\u00dfe 1<br \/>4060 Leonding<br \/>\u00d6sterreich<\/p><p><span style=\"text-decoration: underline;\">Unternehmensgegenstand:<\/span><br \/>Tattoo-, Piercing und PMU Studio<\/p><p><span style=\"text-decoration: underline;\">Gewerbewortlaut:<\/span><br \/>T\u00e4towierer<\/p><p>UID-Nr.: ATU48038804<\/p><p><span style=\"text-decoration: underline;\">Mitglied bei:<\/span><br \/>WKO Innung der Fu\u00dfpfleger, Kosmetiker und Masseure<\/p><p>Gisa: 16302143<\/p><p><span style=\"text-decoration: underline;\">Anwendbare Rechtsvorschriften und Zugang dazu:<\/span><br \/>Gewerbeordnung: <a href=\"http:\/\/www.ris.bka.gv.at\/\">www.ris.bka.gv.at<\/a><\/p><p><span style=\"text-decoration: underline;\">Aufsichtsbeh\u00f6rde\/Gewerbebeh\u00f6rde:<\/span><br \/>Bezirkshauptmannschaft Linz-Land<\/p><p><span style=\"text-decoration: underline;\">Angaben zur Online-Streitbeilegung:<\/span><br \/>Verbraucher haben die M\u00f6glichkeit, Beschwerden an die Online-Streitbeilegungsplattform der EU zu richten: <a href=\"http:\/\/ec.europa.eu\/odr\">http:\/\/ec.europa.eu\/odr<\/a><\/p><p><span style=\"text-decoration: underline;\">Haftung f\u00fcr Inhalte dieser Website:<\/span><br \/>Die Inhalte dieser Website werden st\u00e4ndig weiterentwickelt und wir bem\u00fchen uns korrekte und aktuelle Informationen bereitzustellen. Wir k\u00f6nnen jedoch leider keine Haftung f\u00fcr die Korrektheit aller Inhalte auf dieser Website \u00fcbernehmen.<\/p><p><span style=\"text-decoration: underline;\">Haftung f\u00fcr Links auf dieser Website:<\/span><br \/>Bei Links die zu anderen Websites f\u00fchren sind wir f\u00fcr dessen Inhalt nicht verantwortlich. Wir \u00fcbernehmen daher keine Haftung f\u00fcr verlinkte Websites von Dritten, da wir keine Kenntnis von rechtswidrigen T\u00e4tigkeiten haben. Sollten wir jedoch in Kenntnis von Rechtswidrigkeit kommen, werden betroffene Links umgehend entfernt.<\/p><p><span style=\"text-decoration: underline;\">Urheberrechtshinweis:<\/span><br \/>Alle Inhalte dieser Website, dazu z\u00e4hlen u.a. Texte, Bilder, Fotos und auch Videos unterliegen dem Urheberrecht. Deshalb m\u00f6chten wir Sie darauf hinweisen, dass ein unerlaubtes Vervielf\u00e4ltigen, Ver\u00f6ffentlichen oder Benutzen dieser Inhalte m\u00f6glicherweise rechtlich verfolgt wird.<\/p>\t\t\t\t\t<\/div>\n\t\t\t\t\t\t<\/div>\n\t\t\t\t<\/div>\n\t\t\t\t\t\t<\/div>\n\t\t\t\t\t<\/div>\n\t\t<\/div>\n\t\t\t\t\t\t\t\t<\/div>\n\t\t\t\t\t<\/div>\n\t\t<\/section>\n\t\t\t\t\t\t<\/div>\n\t\t\t\t\t\t<\/div>\n\t\t\t\t\t<\/div>\n\t\t","protected":false},"excerpt":{"rendered":"<p>Home Impressum Informationen office@body-cult.at 0732\/ 673 781 Bodycult by Martin ReschPaschingerstra\u00dfe 14060 Leonding\u00d6sterreich Unternehmensgegenstand:Tattoo-, Piercing und PMU Studio Gewerbewortlaut:T\u00e4towierer UID-Nr.: ATU48038804 Mitglied bei:WKO Innung der Fu\u00dfpfleger, Kosmetiker und Masseure Gisa: 16302143 Anwendbare Rechtsvorschriften und Zugang dazu:Gewerbeordnung: www.ris.bka.gv.at Aufsichtsbeh\u00f6rde\/Gewerbebeh\u00f6rde:Bezirkshauptmannschaft Linz-Land Angaben zur Online-Streitbeilegung:Verbraucher haben die M\u00f6glichkeit, Beschwerden an die Online-Streitbeilegungsplattform der EU zu richten: http:\/\/ec.europa.eu\/odr Haftung [&hellip;]<\/p>\n","protected":false},"author":1,"featured_media":0,"parent":0,"menu_order":0,"comment_status":"closed","ping_status":"closed","template":"elementor_header_footer","meta":[],"_links":{"self":[{"href":"http:\/\/body-cult.at\/index.php?rest_route=\/wp\/v2\/pages\/7413"}],"collection":[{"href":"http:\/\/body-cult.at\/index.php?rest_route=\/wp\/v2\/pages"}],"about":[{"href":"http:\/\/body-cult.at\/index.php?rest_route=\/wp\/v2\/types\/page"}],"author":[{"embeddable":true,"href":"http:\/\/body-cult.at\/index.php?rest_route=\/wp\/v2\/users\/1"}],"replies":[{"embeddable":true,"href":"http:\/\/body-cult.at\/index.php?rest_route=%2Fwp%2Fv2%2Fcomments&post=7413"}],"version-history":[{"count":32,"href":"http:\/\/body-cult.at\/index.php?rest_route=\/wp\/v2\/pages\/7413\/revisions"}],"predecessor-version":[{"id":7457,"href":"http:\/\/body-cult.at\/index.php?rest_route=\/wp\/v2\/pages\/7413\/revisions\/7457"}],"wp:attachment":[{"href":"http:\/\/body-cult.at\/index.php?rest_route=%2Fwp%2Fv2%2Fmedia&parent=7413"}],"curies":[{"name":"wp","href":"https:\/\/api.w.org\/{rel}","templated":true}]}}